*y. Suppose 3*t + 37166 = s*f - 15220, -2*t + 52381 = 3*f. Is f prime?
False
Suppose -134*y = -133*y + 28927. Let w = -19474 - y. Suppose 0 = -4*o + w + 8239. Is o composite?
False
Suppose 2589607 = 4*v + 466963. Suppose -15*z - 1741011 = -v. Is z/(-80) - (-3)/8 prime?
True
Let h(x) = 23*x - 451. Let r be h(20). Let i(v) = -v**3 - 19*v**2 - 4*v - 10. Let k(q) = 2*q**3 + 28*q**2 + 6*q + 15. Let l(f) = 7*i(f) + 5*k(f). Is l(r) prime?
True
Let m = -443468 - -653539. Is m a prime number?
True
Suppose -p = 3*v - 2 - 0, -5*p + 3*v + 10 = 0. Suppose p*q + 4*r - 514 = 0, 5*r - 1022 = -4*q - 0*r. Is q a composite number?
True
Let n(z) = 38*z**3 + z**2 + 11*z - 1. Let r(p) = -7*p - 2. Let t(v) = 4*v + 1. Let g(h) = -3*r(h) - 5*t(h). Let a(k) = 6*g(k) - n(k). Is a(-3) prime?
True
Is ((-1)/(-7))/(73/46312441) prime?
True
Suppose -5*p + 8*p - 9 = 0, 4*t = -3*p + 61533. Suppose -2*r = -a + t - 2902, -4*a = r - 49871. Is a a composite number?
True
Suppose 9*g - 3739659 = -72*g + 1798392. Is g a composite number?
False
Suppose 10*j - 15*j + 5*d + 65 = 0, 0 = -4*j - 2*d + 28. Let a = j - -6. Suppose a*p - 34108 = -6403. Is p a prime number?
True
Suppose 3*d = -6, -21 = -3*l + 5*d - 8. Suppose 0 = 5*v + 2*k - 18, 5*v = -5*k + 16 - l. Suppose 7890 = v*i + 2*i. Is i a prime number?
False
Suppose 14*m = 74542 + 54216. Is m a composite number?
True
Let b = -91470 - -188597. Is b composite?
False
Let z(a) = -134*a - 17. Suppose -3*p + q - 95 = 12, -3*p - 5*q - 113 = 0. Let r = -43 - p. Is z(r) a composite number?
True
Let m be (-1)/1 + (-4)/(-1). Suppose -4*g = -2*x + 12, -33*g = -36*g - 6. Suppose -x*a = 3*c - 2473, -4*a + m*c = -7307 + 2334. Is a a prime number?
False
Suppose -4377 = -5*v + 476473 + 97435. Is v a composite number?
False
Let j(g) = g**3 + 2999. Let y be -1*0/((3 + -4)/1). Is j(y) a composite number?
False
Suppose 423834 = 2*u + 5*f, 14*u - 4*f + 211911 = 15*u. Is u a composite number?
False
Let m = -1515445 - -3407640. Is m composite?
True
Let p = 171050 + -41737. Is p a composite number?
False
Let r(h) = 8*h + 146. Let a be r(-19). Is a + 8/1 + (-164)/(-1) prime?
False
Is (7078335/(-30))/(-11)*2 composite?
False
Is 7 - (35/(-7) - -3*(-509825)/15) a prime number?
True
Let q = 50 + -46. Suppose -b = -q*b + 24. Suppose 0 = -15*w + b*w + 11473. Is w a composite number?
True
Suppose 0 = 3*i + 3*v - 501 + 111, 2*i = -4*v + 262. Let x = 332 - i. Is x a composite number?
True
Let r(q) = 826*q - 269. Is r(55) a prime number?
True
Let n = -36 - -58. Let a(r) = -r**2 + 33*r - 93. Is a(n) a prime number?
True
Let g(w) = 765*w + 888. Is g(3) composite?
True
Let z be (-72)/27*(-3)/2. Suppose 5*n - z*k - 1584 = 3*n, -2*n - 4*k + 1592 = 0. Is n composite?
True
Is 49809/((-7)/(49/14) + 3) a prime number?
False
Let y(p) = -5*p + 60. Let k be y(12). Suppose k = -60*w + 47*w + 90311. Is w a prime number?
True
Let p = -26 + 30. Suppose p*z - 36 = -2*v - 14, 3*v + 22 = 5*z. Is (-25512)/60*(-10)/v + 1 prime?
True
Let g(b) = -43900*b**3 + 12*b**2 + 11*b + 2. Is g(-1) composite?
True
Suppose 22*j - 194685 = 40033. Let l = j - 4422. Is l prime?
True
Suppose 0 = -0*d - d + 4753. Let t(i) = -i**3 - 25*i**2 + 3*i + 78. Let q be t(-25). Suppose -4*u - q*u + d = 0. Is u composite?
True
Suppose -5*t = -4*m + 9334460, -5*m + 32*t + 11668075 = 30*t. Is m composite?
True
Let z(q) = -1891*q**2 - 7*q + 1. Let b be z(-3). Is b/(-7) - 300/(-350) a composite number?
True
Let q = -13029 + 73160. Is q composite?
True
Let y = -313949 - -111980. Is 40/(-60)*y/6 a composite number?
False
Suppose 3*w - 62 = 163. Let j(z) = 13*z + 30. Let d be j(16). Let h = d - w. Is h a prime number?
True
Let w(q) = 3472*q + 71. Let z be w(1). Let l be (1 - 2) + 3 + 0. Suppose -l*b + z = -2851. Is b prime?
False
Suppose 12 = -5*p + 7*p. Let k(t) = 38*t**3 - p*t - 1 - 65*t**3 + 4*t + t**2. Is k(-2) prime?
True
Let r(m) = -806*m + 967. Is r(-52) prime?
False
Let f = 12848 - -17011. Let x = -18070 + f. Is x prime?
True
Let j(z) be the third derivative of -245*z**4/24 - 11*z**3/2 - 53*z**2. Is j(-10) composite?
False
Suppose 2*n - 3*d - 22 + 3 = 0, -4*n - 5*d + 5 = 0. Let x = -49 + 29. Is (-65432)/x + (-3)/n composite?
False
Let b be 19 + 1*(4 + (2 - 5)). Suppose -15*m - b*m = -105. Is m prime?
True
Suppose p = 23 + 15. Let a = p - 42. Is 10/(-3)*1506/a a prime number?
False
Let j(i) = -23253*i + 49. Is j(-12) a prime number?
False
Suppose 144260 = 108*s + 59*s - 166026. Is s a prime number?
False
Let s be ((-14)/(-2) + -4)*30/2. Let w be -3*(-1)/15 - (-216)/s. Suppose -r + 395 = -w*q - 406, -3*q + 1654 = 2*r. Is r prime?
True
Suppose -z = 5*t - 68, -2*t + 14 = -0*z - 4*z. Suppose -t*h = -18*h - 70. Is 1/(-2) - 1841/h composite?
False
Let g be ((-4)/(-16)*-7)/((-3)/(-24)). Let l be 1/(g/(-4)) - 43312/(-14). Is (-3)/(-9) + (1 - l/(-6)) a prime number?
False
Let t = -2055 - -13869. Suppose 20946 = 10*m - t. Suppose -m = 6*r - 13206. Is r a prime number?
False
Let c = -4643 - -69516. Is c a composite number?
True
Let p = 55 - 56. Let m(d) = 2*d**2 - 3*d - 3. Let s be m(p). Is ((-471)/s)/((-3)/6 + 0) composite?
True
Let p(s) = 11 + 2 + 644*s - 16. Is p(1) composite?
False
Suppose -25*k + 2492 = 467. Is k/54*39244/6 composite?
False
Suppose 1300 = 211*w - 210*w. Let m = w + 459. Is m a composite number?
False
Suppose -5*p - 10501 = -5*d + 70999, 81473 = 5*d + 4*p. Is d a prime number?
False
Let w(g) = -51*g - 18. Let j(n) be the third derivative of 13*n**4/24 + 5*n**3/3 + 15*n**2. Let h be j(-3). Is w(h) prime?
False
Let k(f) = 14665*f - 12. Let a be k(4). Suppose 2*n - 6*n = -a. Suppose 5*s = -197 + n. Is s a composite number?
True
Suppose 2654795 = 32*h - 2286101. Is h prime?
False
Let r(h) be the third derivative of -13*h**6/60 + h**5/60 + 7*h**4/24 + h**3/6 + 203*h**2. Is r(-3) composite?
False
Suppose -161980 = 19*b - 27*b - 4*j, 5*b - 101230 = -5*j. Is b prime?
True
Suppose 47*y + 1605212 = 75*y. Is y prime?
True
Suppose -9 = -b - 2*b. Let c be -4*b*(-3)/18. Suppose 5*v = -0*w + c*w + 451, -5*v - 3*w = -436. Is v a prime number?
True
Suppose -22*n = -190410 - 203192. Is n a composite number?
False
Let q(y) = 20*y**2 + 8*y - 1. Let v(g) = -21*g**2 - 8*g. Let j(w) = 3*q(w) + 2*v(w). Suppose 0*x + 2*x - 10 = 0. Is j(x) composite?
False
Let p be 10/15*(-3 + 0). Let l be ((-13794)/(-9))/(p/(-3)). Let k = -1290 + l. Is k prime?
True
Is (-703256)/(-28)*602/172 a prime number?
False
Let n = 94793 + -64194. Is n a composite number?
True
Let y(d) = -47*d**2 + 6*d + 5. Let l(h) = -48*h**2 + 7*h + 7. Let c(w) = w**3 + 5*w**2 - 24*w + 2. Let r be c(-8). Let x(n) = r*l(n) - 3*y(n). Is x(-2) prime?
False
Let t(h) = h**2 - 27*h + 24. Let s be t(12). Let f = s - -65. Let n = f - -1130. Is n a composite number?
False
Suppose 236313 = -12*j + 1435845. Is j a prime number?
True
Let a(t) = 20*t**2 + 10 - 8*t - 7*t**2 - 14*t**2. Let p be a(-9). Is p/(13/7035) + 104/(-676) a prime number?
True
Suppose 487*v = 486*v + 2*p + 201939, -5*v = p - 1009739. Is v a prime number?
True
Let i = 15463 - -23872. Is i a prime number?
False
Let q = 88748 + -53329. Is q prime?
True
Is (1 + -4 + (7 - 2))*(-366921)/(-18) composite?
True
Suppose 3*i + 0*i + 12 = 0, -y = -5*i - 90. Let t = y + 41. Is t prime?
False
Let s be 9/84*-4 + 38/7. Suppose -7*q + 2*q = -s. Is q + -1 + 3 - 4232/(-4) composite?
False
Suppose 579681 - 837597 = -21*v + 1703883. Is v a prime number?
True
Suppose j - 4*i - 6552 = 0, -39*i - 26148 = -4*j - 35*i. Suppose -2227 = 15*w - j. Is w prime?
False
Let m(x) = -2*x**3 - 8*x**2 + 10*x - 13. Let c be m(-10). Suppose -486 + 100 = -2*b + g, 5*b + 5*g = 950. Suppose c = p - b. Is p a prime number?
True
Let w(z) = -19*z - 33. Let q be w(-14). Let o(f) = f**3 + f**2 + 12*f - 4. Let x be o(-4). Let i = x + q. Is i a prime number?
False
Suppose -s = -7*y - 5*s + 431321, 2*y - 2*s = 123222. Is y prime?
False
Suppose 0 = -9*j + 133141 + 75146. Is j prime?
True
Let k be (-2)/(-15) - (-770)/600*-4. Is (-64761)/k - 44/(-55) a prime number?
True
Let t(p) = -618 + 599 - 6*p + 18*p + 18*p - 7*p. Suppose 5 - 29 = -4*n. Is t(n) composite?
True
Suppose 400825 = 32*t - 7*t. Is t composite?
False
Let a = 3027302 - 2052329. Is a a composite number?
True
Suppose -3*p - 3*g = -541979 + 136829, -5*g - 270093 = -2*p. Is p composite?
False
Suppose 7518